n g(2) is divided by 522/36 + (-2)/(-4).
13
Suppose -100 + 3 = -3*r + 5*f, r - 49 = 5*f. Calculate the remainder when -4*4/(r/(-45)) is divided by 16.
14
Let w(z) = 6*z**2 + z**3 - 3 - 3*z + 0*z + 6*z. Let c be w(-5). Let y(x) = x - 6. What is the remainder when 1 is divided by y(c)?
0
Let z(r) = -r**3 - 2*r**2 - 10*r - 12. What is the remainder when z(-4) is divided by 31?
29
Let l(h) = 2*h**2 + 13*h + 11. Calculate the remainder when l(-8) is divided by 9.
8
Suppose 0 = 4*t - i + 88, -84 = 2*t - 4*i - 26. Let j = -17 - t. Calculate the remainder when 10 is divided by j.
2
Let h be (-5 - -11)*3/6. Suppose -72 = -h*z + z. What is the remainder when z is divided by 13?
10
What is the remainder when 27 is divided by 5/2*6*1?
12
Calculate the remainder when 55 is divided by (-2)/(-8) + (1100/(-16))/(-5).
13
Suppose 3*z - 171 + 32 = 4*f, 0 = -5*f - 20. Let u be (1 + 0/(-2))*-20. What is the remainder when z is divided by (2 - u/(-3))*-3?
13
Suppose 26 = 5*j - 5*r - 39, 5*r = -4*j + 88. Calculate the remainder when j is divided by 5.
2
Let f = 14 - -4. Calculate the remainder when 87 is divided by f.
15
What is the remainder when 107 is divided by ((-1692)/16)/(-3) + (-3)/(-4)?
35
Suppose 5*i - 83 = 52. Suppose 3*o - c = 44, 5*c + 10 = o - 0*c. Calculate the remainder when i is divided by o.
12
Let h = 59 + -55. What is the remainder when h is divided by 10/4 - 1/(-2)?
1
Suppose 5*i = -280 + 750. What is the remainder when (-3 - -1)/(-4)*i is divided by 12?
11
What is the remainder when 74 is divided by (-3633)/(-189) - (-2)/(-9)?
17
Suppose -3*q + 20 = -5*b - 4, 2*b = -6. Let d = -45 - -74. Calculate the remainder when d is divided by -15*(2 - q/1).
14
Let q(l) = -l**2 + 14*l + 7. Calculate the remainder when 24 is divided by q(14).
3
Let u = -50 + 58. What is the remainder when 37 is divided by u?
5
Let x(l) be the third derivative of -l**2 + 1/120*l**6 + 1/6*l**4 - 3/2*l**3 + 2/15*l**5 + 0 + 0*l. Calculate the remainder when 34 is divided by x(-7).
10
Suppose 5*v - 82 - 48 = 0. Calculate the remainder when v is divided by 7.
5
Let h = 77 + -54. Calculate the remainder when h is divided by 13.
10
Let p(u) = u - 3*u - 4 + 3*u + 5. Let t be p(1). Calculate the remainder when 10 is divided by (7 - 2) + t/2.
4
Let t = -171 + 187. Let l be (-1)/(-3) + (-10)/(-6). Suppose 7 - 67 = -l*s. What is the remainder when s is divided by t?
14
Suppose 0 = 5*m - 2*b + 31, 4*m + 32 = 5*b - b. Let f = m - 1. Calculate the remainder when 22 is divided by (-44)/f + (-12)/(-18).
6
Let q(d) = 6*d**2 - 108*d + 8. Let j = -75 + 105. What is the remainder when j is divided by q(18)?
6
Let w = 2 + 1. Suppose -i - v + w + 21 = 0, 5*v = i - 18. Calculate the remainder when i is divided by 12.
11
Let t = -149 - -251. Calculate the remainder when t is divided by 28.
18
Suppose 18 = -2*i - 10. Calculate the remainder when (-2)/(-14) - 376/i is divided by 10.
7
Let k = 7 - -9. What is the remainder when 94 is divided by k?
14
Suppose 8 = -g + 5*g. What is the remainder when 4 is divided by ((-3)/(-2))/(g/4)?
1
Let b = -11 + 15. Suppose -b*u = -2 - 22. Calculate the remainder when (-2)/(-6) - 250/(-15) is divided by u.
5
Suppose 5*i + 11 = -3*l + 5, 4*i + 3 = -3*l. Suppose j - l = 8. What is the remainder when 2/((-130)/(-42) + -3) is divided by j?
10
What is the remainder when 7*1*(7 + 2) is divided by 8?
7
Suppose 447 - 35 = -4*v - 4*c, -3*c - 515 = 5*v. Let j = -47 - v. Let m = -20 + 39. Calculate the remainder when j is divided by m.
18
Let y(i) = -i**3 + 5. Suppose -4*v - 12 = -8*v. Suppose v*d + 1 = 13. Calculate the remainder when y(0) is divided by d.
1
Suppose 28*k + 427 = 35*k. What is the remainder when k is divided by 16?
13
Let x = 159 + -96. Calculate the remainder when x is divided by 13.
11
Let i = -32 - -59. Calculate the remainder when i is divided by 6.
3
Suppose -16 = -6*l + 2*l. Suppose -2 - l = -g. Suppose q + q - 18 = 2*f, -4*q - 4*f - 4 = 0. What is the remainder when g is divided by q?
2
Suppose 5*i - 10*i = -150. Suppose -s + i = -4. Calculate the remainder when s is divided by 18.
16
Let v(m) = -m**2 - 9*m - 13. Let i be v(-6). Suppose 0 = -d + 5*n + 2, i*d - 3*n = -4*n + 62. What is the remainder when 21 is divided by d?
9
Let n = 6 - 2. Suppose -2*y + 52 = 4*j - j, y - 61 = -n*j. Let p(s) = -3*s - 1. What is the remainder when j is divided by p(-3)?
6
Let c = -1 + 0. Let w(n) = -38*n**3 - n**2 + 1. Suppose -y + 19 = 3*u, 0 = -4*y - 2*u + 53 - 7. What is the remainder when w(c) is divided by y?
8
Suppose -5*b = -25 - 20. Suppose -5*u + 78 = 3*k - 4, -k + 2*u = -42. What is the remainder when k is divided by b?
7
Let v(q) = -3*q**2 - 2*q. Let a be v(-2). Calculate the remainder when a - -6 - 3*-7 is divided by 5.
4
Let b(g) = 5*g**3 + 8*g**2 + g + 5. Let s(v) = -11*v**3 - 16*v**2 - v - 11. Let h(c) = 9*b(c) + 4*s(c). What is the remainder when h(-7) is divided by 4?
3
Suppose 5*w - 3*z = 73, 0*w - 3*w + 63 = 3*z. Let l = -3 - -12. What is the remainder when (294/l)/(-2)*-3 is divided by w?
15
Let l(q) = -q**3 + 4*q**2 + 5. Let x = 10 - 6. What is the remainder when 12 is divided by l(x)?
2
Let o be 2 + 1 + (-4)/1. Let z be 3*o/(6/4). Let y(i) = -9*i. Calculate the remainder when 33 is divided by y(z).
15
What is the remainder when 228/3 - -2 - 3 is divided by 13?
10
Let h = -17 + 22. Suppose 7 = 5*l + h*n - 33, -4*n + 14 = l. What is the remainder when 22 is divided by l?
4
Let h(a) = -a**2 - 8*a + 11. Calculate the remainder when 7 is divided by h(-9).
1
Suppose 3*n - 35 = 13. What is the remainder when 46 is divided by n?
14
Let u(t) = 2*t + 12. Calculate the remainder when 32 is divided by u(0).
8
Suppose 3*k + j + 2 - 9 = 0, j = -5*k + 15. Suppose -120 = -k*i + 16. What is the remainder when i is divided by 12?
10
What is the remainder when 2/((-4)/480*-5) is divided by 10?
8
Let w(b) = -6 + 2*b - 4*b**2 - b**2 + 2*b + b**3. Suppose -5 = -3*n - 5*k, k - 13 = -n + 5*k. Calculate the remainder when 55 is divided by w(n).
13
Let a = 26 + 0. Let v = -15 + a. Let i = 7 - -14. Calculate the remainder when i is divided by v.
10
Suppose 4*z + 3*m = 70, -3*z + 28 = -z + 5*m. What is the remainder when z is divided by 3?
1
What is the remainder when ((-8)/(-20))/(1/95) is divided by 13?
12
Let f = -10 + 27. What is the remainder when 47 is divided by f?
13
Suppose -162 = -5*w + 3*t, 3*w - 4*t = w + 62. Calculate the remainder when w is divided by 9.
6
Suppose 5*w - 30 = 5*m, m + 5*w - 10 = -4. Let v = -1 - m. Suppose -g - 106 = -4*o - 22, -4*g = -v*o + 50. Calculate the remainder when o is divided by 8.
6
Suppose -2*q - 4*q = -36. Let d(z) = 2*z**3 - 3*z**2 - 2*z - 4. Calculate the remainder when d(3) is divided by q.
5
Let y be (11/(-3) + 3)*-6. Suppose -y*n + 4 = -2*n. Suppose 51 = 5*d + n*s, 4*d + 10 - 62 = 4*s. Calculate the remainder when 31 is divided by d.
9
Let b = 29 - 24. Calculate the remainder when 14 is divided by b.
4
Let v(o) = 3*o**2 + 9*o - 9. Calculate the remainder when v(-5) is divided by 12.
9
Calculate the remainder when (-96)/((-1)/(6/9)) is divided by 22.
20
Let o(b) = b. Let m(k) = -k**2 - 4*k - 7. Let h(r) = m(r) - 4*o(r). Let a be h(-7). Suppose a = q + q - 30. Calculate the remainder when q is divided by 9.
6
Let b = 144 - 92. Let f = -19 - -37. Calculate the remainder when b is divided by f.
16
Suppose 5*p + 3*v - 49 = 11, 0 = 2*p - 2*v - 8. What is the remainder when p is divided by 4?
1
Let a = -82 - -142. Calculate the remainder when a is divided by 31.
29
Suppose -3*d + 2*u = -112, 0 = 3*d + 2*u + u - 117. Let i = d + -1. Calculate the remainder when i is divided by 20.
17
Suppose -2*r + k = -21, -r + 7 = 5*k - 20. Calculate the remainder when 19 is divided by r.
7
Suppose -w + 4*r - 28 = 0, w + 4*r - 12 = -0*w. Let h = w - -20. Calculate the remainder when h is divided by 3.
0
Suppose -2*n - 29 = -3*n. Suppose 0 = -i + 33 + n. Calculate the remainder when i is divided by 16.
14
Let i(r) = -r + 11. Suppose -3*l + 14 = -16. Calculate the remainder when l is divided by i(7).
2
Let d(r) = -5*r**3 + 5*r**2 + r - 19. Let p(a) = -4*a**3 + 4*a**2 + a - 18. Let o(w) = 3*d(w) - 4*p(w). What is the remainder when 58 is divided by o(0)?
13
Let c(x) = x**3 + x**2 + 2*x. What is the remainder when c(3) is divided by 15?
12
Calculate 